 the highest common divisor of 459 and k.
9
Let o(u) = 67*u**3 - u**2 - 11*u + 17. Let h be o(2). Suppose 5*b - 5150 = -2*j, -2*j - 1547 = -2*b + h. Calculate the greatest common factor of 24 and b.
24
Let h be 1/((-2)/(-1128)) - (-12)/4. Suppose 0 = g + 5*a - 88 - 21, 5*g - h = -3*a. What is the highest common factor of 266 and g?
38
Suppose 15*a = 10*a + w + 22156, 3*a + w = 13300. Calculate the greatest common factor of 16 and a.
16
Let d be (204/306 - (-2)/(-6)) + 47/3. What is the highest common divisor of 104 and d?
8
Suppose -3*y + 12 = -4*o, 2*o - 5*y - 2 = -o. Let g be 5/((-75)/65)*o. What is the highest common divisor of g and 260?
26
Suppose 1931 = 29*k - 2390. What is the highest common factor of 1 and k?
1
Let r be (-52)/(-12)*(6 + -60). Let u be (r/(-65))/(2/15). What is the greatest common divisor of u and 1?
1
Suppose 0 = -131*a + 136*a - 100. Suppose -a*f + 15*f = 550. Let o be (-4 + 5)/1*f/(-2). Calculate the greatest common divisor of o and 5.
5
Suppose -a = -2*m + 114, -2*m - 5*a + 209 - 59 = 0. What is the highest common factor of m and 4830?
30
Let d = 43 + -120. Let f = d + 139. Let g(j) = 5*j + 335. Let w be g(-36). Calculate the greatest common divisor of w and f.
31
Suppose 958 - 127 + 1899 = 15*i. Calculate the greatest common factor of 728 and i.
182
Let h(m) = -m**3 - 69*m**2 - 69*m + 36. Let o be h(-68). What is the highest common divisor of o and 184?
8
Let b = 280 + -186. Suppose 96*f - b*f = 208. Calculate the greatest common factor of f and 13.
13
Suppose 32*b - 1219 = -28*b + 581. Calculate the highest common factor of 1665 and b.
15
Let m be (49 - 40 - 34/2)*(-4087)/4. What is the greatest common factor of m and 122?
122
Suppose -2*c + 3*q = -176, 47*q + 362 = 4*c + 46*q. Calculate the greatest common factor of 221 and c.
13
Suppose -6*n - 6 + 18 = 0. Suppose -n*k = -3*k + 17. Let a = 75 + k. What is the greatest common factor of 138 and a?
46
Suppose -2*b = -5*h + 2062, 5*h + 5*b - 61 - 2029 = 0. Let f be (-3)/(114/(-688)) + (-100)/950. What is the highest common divisor of f and h?
18
Let t(s) = 75*s + 677. Let l be t(-9). Calculate the greatest common divisor of 67 and l.
1
Let l be (15/(-10))/(((-6)/232)/1). Suppose 6*a - 7*a + 5*m = -145, 290 = 2*a + 3*m. What is the highest common divisor of a and l?
29
Let v(o) = -o**3 - 6*o**2 + 19*o + 202. Let b be v(-6). Calculate the greatest common divisor of b and 451.
11
Suppose 5*x - 49 = 9*p - 13*p, -28 = -2*x - 3*p. Calculate the highest common factor of 12205 and x.
5
Let s be 4116/(21 - 35)*96/(-14). Calculate the highest common factor of s and 140.
28
Suppose 0 = -186*d - 5*d - 86*d + 333508. Calculate the greatest common divisor of d and 14.
14
Let h(i) = -4*i - 56. Let g be h(-18). Let p(c) = c**3 + 10*c**2 + 3*c + 8. Let s be p(-8). Calculate the greatest common divisor of g and s.
16
Suppose -2*w + 24 = 2*d, -4*w - 2*d + 5 = -49. Let b(n) = -3*n**3 + 42*n**2 + 2*n - 23. Let p be b(14). Calculate the highest common divisor of w and p.
5
Suppose -61*l + 1748 = -16308. What is the greatest common factor of 518 and l?
74
Suppose 61 = 6*w - 185. Let m = w - 37. Suppose -2*j + j = 3*h - 335, -3*h = m*j - 350. What is the highest common divisor of 10 and h?
10
Suppose 2748996 = 573*g - 129756. Calculate the greatest common divisor of 785 and g.
157
Suppose 568*w - 3905 = 497*w. Calculate the highest common divisor of w and 18315.
55
Suppose -36 = -3*z - 5*k, -k - 30 + 78 = 3*z. Suppose 0 = 2*u + 6 - 278. What is the greatest common divisor of u and z?
17
Suppose 0 = -z + n + 7660, -2228*n = 4*z - 2231*n - 30636. What is the highest common divisor of z and 352?
88
Suppose 0 = -a - 3*m + 240 + 355, 0 = -4*a + 2*m + 2422. Calculate the highest common divisor of 8607 and a.
151
Let r = 181 - 168. Let h = 18 + r. Calculate the highest common factor of h and 217.
31
Suppose 3*l = -2*m + 49, -1 = -2*l + 5*m - 0. Let p = 1550 + -1433. Calculate the highest common factor of p and l.
13
Suppose -12*v + 272 = -208. Let w = -34 + 37. Suppose -752 = -w*o + 208. What is the greatest common divisor of o and v?
40
Let j(m) = -m**2 - 16*m - 25. Let n be j(-7). Suppose 6 = -3*x, i - x - n = 4*x. Suppose 3*t = -t + 56. Calculate the greatest common factor of i and t.
14
Suppose -5449 = -8*m - 3529. Calculate the highest common divisor of 3792 and m.
48
Let c be (-51460)/(-105) + 42/(-441). What is the greatest common factor of c and 784?
98
Suppose 0 = -3*o + 8 - 26, 2*o = -d + 32. What is the highest common factor of d and 40?
4
Suppose -2*y = 2*n - 44, 2*n = 5*y + 32 + 5. Let i(m) = 9*m**2 - 139*m + 1061. Let c be i(8). What is the greatest common factor of n and c?
21
Let i(n) = 27*n + n**3 - 57*n + 5 + 27*n. Let c be i(0). Suppose -37 = -y + a - c, a + 116 = 4*y. Calculate the greatest common factor of y and 21.
7
Let y be (-18)/171 + 1072/76 + 3. Calculate the highest common divisor of 833 and y.
17
Let q(a) = a**3 + 9*a**2 + 10*a + 2. Let f be q(-7). Suppose -2*p + 16 + f = 0. Let r = 43 - p. What is the greatest common factor of r and 5?
5
Let s = 71 - 70. Let b(q) = 0*q**3 + 57 - 54 + q**2 - q**3. Let k be b(0). What is the highest common divisor of k and s?
1
Let n(g) = 6*g + 100. Let v be n(-15). Suppose -123 + 831 = 5*z + 4*q, -5*q + v = 0. Calculate the highest common factor of z and 28.
28
Let f = 383838 + -383781. Let d = -15 - -30. Calculate the greatest common factor of f and d.
3
Suppose 2*c + 2*c = -472. Let n be (-310)/80 - (-16)/(-128). Let x be (-2 - 15/(-6)) + c/n. Calculate the greatest common divisor of 6 and x.
6
Let y(x) = -182 + 445 + 2*x - 216. Suppose -4*s = -2*r - 0 + 34, 5*s + 35 = 4*r. Let q be y(s). Calculate the highest common divisor of q and 125.
25
Let q(v) = 3 + 2*v**2 + 19*v**3 + 2*v**3 - 5*v + 139*v**3. Let z be q(1). What is the highest common divisor of z and 560?
80
Let b = -2205 - -2557. Let t = -263 + 271. What is the highest common factor of b and t?
8
Let f(v) = -52*v. Let c be f(-2). Let b = -14 + -12. Let y be (b/3)/(2/(-6)). What is the greatest common divisor of y and c?
26
Let u be (2 + -5)/(60/(-760)). Let r = 212 + -117. Calculate the highest common factor of u and r.
19
Suppose 10*k - 2*x = 19892, x - 20 = -4*x. What is the highest common factor of k and 15?
5
Let d(s) be the second derivative of -s**4/12 - 3*s**3 - 4*s**2 - 2*s + 3. Let l be d(-12). Calculate the greatest common factor of l and 48.
16
Let u(b) = -73164*b**3 + 73165*b**3 - 3*b**2 + 0*b + 5*b + 3. Let i be u(0). Calculate the highest common factor of i and 9.
3
Suppose 0 = -3*u, 0 = 65*i - 67*i + 2*u + 1734. Calculate the highest common divisor of 1207 and i.
17
Let j = 43 - 51. Let o be ((-9)/j)/3*8. Suppose 2*y + 2*x = o*y - 16, 0 = 5*y + 4*x - 150. Calculate the greatest common divisor of 52 and y.
26
Suppose 12*z = 10*z - 6. Let w be (86/10 + z)*45/18. Calculate the highest common factor of w and 70.
14
Let h be (116 - 88)/(5/(-18) + (-3)/(-6)). Calculate the greatest common divisor of h and 420.
42
Suppose 4*q = -3*m + 271, 64*m - 62*m - 330 = -5*q. What is the highest common divisor of q and 1568?
32
Suppose 22*q - 25*q = 42. Let c = 310 + 26. Let k be ((-72)/q)/(18/c). Calculate the greatest common factor of 12 and k.
12
Let p = 15193 - 14093. Calculate the highest common factor of 675 and p.
25
Let m = 19109 - 16536. Calculate the greatest common factor of 166 and m.
83
Suppose -5*b = 13 - 3. Let y be 2*(b - (-30)/4). Suppose -5*i - 48 = -3*f, -2*f + f - 4*i = 1. What is the greatest common factor of y and f?
11
Let v(q) = 40*q**3 - 10*q**2 + 8*q - 3. Let a be v(1). What is the highest common factor of a and 635?
5
Suppose 6*o + 53 = 131. Let c be (30/9 + 1)*3. Calculate the greatest common divisor of o and c.
13
Let r(h) = -15*h - 3. Let c = 366 + -367. Let z be r(c). Suppose 3*j - 29 = 2*l, 3*l + 7 + 41 = 5*j. What is the greatest common divisor of z and j?
3
Suppose 18817 = 4*u + 5*q, 2*q = 5*u + 6104 - 29584. Calculate the greatest common factor of 81 and u.
81
Suppose 4*g + 1243 = 7*j, -2*g - 13*j - 641 = -10*j. Let o = g + 398. What is the greatest common divisor of 205 and o?
41
Let i(p) = p**2 - 87*p - 792. Let j be i(-9). What is the greatest common divisor of j and 207?
9
Suppose 11*n - 3*n = 32. Suppose -n*p = 2*b - 612, -4*p - 2*b =